7*a - 2*a. Let r = -24 + a. Let g be 144/r - (-2 + 3)*1. What is the highest common divisor of 423 and g?
47
Let x be (4 + -29)/(-5) + 1 + -2. Let l be (5 - x - 6) + -58. Let g be -1 - -4 - l/6*2. Calculate the greatest common divisor of 96 and g.
24
Suppose 0 = -b + 22*g - 27*g + 61, 0 = -4*b + 3*g + 129. What is the greatest common divisor of 13140 and b?
36
Let g be (-2 - -2) + 3 + 0. Suppose 4*y = 4*h + 36, -y - 3*h - 18 = -7. Suppose y = -5*m + 64. What is the greatest common factor of m and g?
3
Let i(u) = u**3 - 10*u**2 + 18*u - 14. Let y be i(8). Suppose -y*h = 13*h - 345. Let d = 324 + -163. What is the highest common factor of d and h?
23
Let g be 0 - (-5)/(25/415). Let u = 21 - -17. Let d = g - u. Calculate the greatest common divisor of d and 30.
15
Suppose 0*a - 8 = 2*a, 4*z + 4*a = -456. Let y = -68 - z. Let n(w) = 3*w**2 - 31*w - 154. Let x be n(-7). What is the greatest common divisor of y and x?
42
Let v(i) = 15*i**2 - 5*i + 15. Let y be v(8). Suppose -8*d + 2137 = -y. Let r be 123/39 + -3 + d/39. Calculate the greatest common divisor of r and 10.
10
Suppose 937 = -130*p - 132*p + 3557. Calculate the greatest common divisor of p and 3970.
10
Let c(n) = -2*n + 23. Let v be c(-7). Suppose -41 = -4*u - v. What is the greatest common divisor of u and 16?
1
Suppose -3*d = 3*o - 309, -4*o - 5*d = 151 - 558. Calculate the greatest common factor of 1800 and o.
36
Suppose -a - 3*d = -1 - 18, -321 = -9*a - 2*d. Calculate the greatest common divisor of a and 629.
37
Suppose b - 6 + 1 = 0. Suppose -b*w + 21 = -3*f - f, f = -w + 6. Let c = w + 0. Calculate the highest common divisor of 40 and c.
5
Let x = 4913 - 3993. What is the highest common factor of 200 and x?
40
Let o be -3*2*2/(-4). Let r = 9774 + -9741. What is the highest common divisor of o and r?
3
Let s(r) = -r + 11. Let m be s(5). Let b(u) = u - 4. Let o be b(m). Suppose 255*i = -1882 + 2392. Calculate the highest common divisor of o and i.
2
Suppose 1148 = -5813*t + 5895*t. Suppose 0 = 2*n - 3*n + 6. Calculate the greatest common divisor of n and t.
2
Let h(g) = 2*g**2 - 9122*g - g**2 - 48 + 9115*g. Let a be h(12). What is the highest common divisor of a and 60?
12
Let v be (-18 - -14)/(1 - (2 - (-40)/(-42))). What is the greatest common factor of 105 and v?
21
Let h = -38810 - -39299. Calculate the greatest common factor of 3 and h.
3
Suppose -w + 21 = 5*k, -10*w + 4*k - 13 = -7*w. Suppose p + 4*s = 1, -w = 4*p - s - 39. Calculate the highest common divisor of p and 9.
9
Let z = 93496 - 45721. What is the greatest common divisor of 39 and z?
39
Let a be (3/(-40)*-10)/(2/(-232)). Let p be 42*9/(-3)*116/a. Calculate the greatest common factor of p and 105.
21
Let h(l) = l**2 - l. Let v be h(2). Suppose v*g - 3 = -5*t + 1, 6 = 3*g - 4*t. Let m be 155 + -9 - 6/g. Calculate the highest common divisor of 13 and m.
13
Suppose 30*t - 31*t + 4*s - 5 = 0, -5 = -t - s. Suppose -k = k + x - 3, t = -x. What is the highest common divisor of k and 81?
3
Let r = 141 + -83. Suppose -62 = -4*n + r. Let w(j) = j**2 - 3*j - 30. Let g be w(10). What is the highest common factor of n and g?
10
Let v(l) = 3*l**3 + l**2 + 16*l - 160. Let g be v(10). Calculate the greatest common divisor of 300 and g.
100
Suppose -9 = -4*s + 103. Suppose -s*r + 27*r + 2 = 0. Suppose -u = -r*u + 8. Calculate the highest common divisor of u and 12.
4
Let d(y) = -87*y**2 + 17 + 168*y**2 - 6*y - 82*y**2. Suppose 0 = 5*o - 10*o - 40. Let n be d(o). What is the highest common factor of n and 7?
1
Let k(c) = c. Let q be k(3). Suppose 4*t - 5 - q = 0. Suppose 4 = 2*x - y, 0 = -4*y + 6 - 14. What is the greatest common divisor of x and t?
1
Let k = -528 + 888. Suppose y - 2*j - 121 = 69, -2*j = -5*y + 910. Suppose -i + h + 35 = 0, i + 3*i + 4*h = y. Calculate the highest common factor of i and k.
40
Let p be 297 + 1*(-6 + 6). Let w = p + -277. Let m(b) = 2*b - 4. Let u be m(6). Calculate the greatest common divisor of u and w.
4
Suppose q = 6*q - 10. Let s be (11 + -18)/(q/(-4)). Suppose -5946 = -9*t - 4560. What is the highest common divisor of s and t?
14
Suppose 3956 = 41*t + 1340 - 3329. What is the greatest common factor of t and 1044?
29
Let y(q) = q + 42*q**3 - 157*q**3 - q**2 - 94*q**3 + 1. Let j be y(-1). Calculate the greatest common factor of 26 and j.
26
Let q be (0 - (-30)/4)/(36/432). Suppose 6*d - 180 = d. What is the highest common divisor of q and d?
18
Let d(k) = -k**2 - 15*k + 26. Let v be d(-16). Suppose r + v = 16. Suppose -9*f + r*f = -6. Calculate the highest common divisor of 10 and f.
2
Suppose 172 + 483 = 5*b - 2*h, -4*b - 3*h + 547 = 0. Suppose -4*r + 309 = 10*r + 43. Calculate the highest common factor of r and b.
19
Let w(c) = 33 - 16*c + 21*c - 7*c. Let o be w(21). Let f be (-60)/o*(1008/(-20))/(-7). Calculate the highest common divisor of f and 120.
24
Suppose 0 = -6*z + 9 + 51. Let d be 2*(z/(-4) - -3)*200. What is the greatest common divisor of 40 and d?
40
Let r = -141 - -253. Suppose 6*x - x - j + 322 = 0, -2*j + 68 = -x. Let u = r + x. Calculate the highest common factor of u and 12.
12
Let r be (-2307)/4 - 59/236. Let f = -519 - r. Calculate the highest common factor of f and 232.
58
Suppose -41588 = -393*v - 13587 + 29770. Suppose n = -2*n + 735. Calculate the greatest common divisor of v and n.
49
Let i(v) = 9*v - 77. Suppose -3*o = 4*a - 31, -a = -4*o - 22 + 76. Let r be i(o). Calculate the greatest common factor of r and 100.
20
Let l = -7540 - -7638. What is the highest common divisor of l and 32?
2
Let u(s) = -217*s - 3. Let n be u(-1). Let k = n + -175. What is the highest common divisor of 351 and k?
39
Let z(b) = 3*b**2 - 38*b + 265. Let h be z(11). Suppose 3*r = -2*k + 90, r + 3*k - 30 = -0*r. What is the greatest common divisor of h and r?
30
Let u be 30/(-70) + -2 + 10/7. Let a be 8 + -2 - (u + 3). Suppose 34 - 10 = a*f. Calculate the greatest common divisor of f and 48.
6
Let p be 2 - (2*-93 - 1). Suppose 4*a = 5*a + 5*u - 128, -440 = -4*a - 2*u. Let i = -87 + a. Calculate the highest common divisor of i and p.
21
Let z(x) = -32*x**2 - 352*x + 13. Let o be z(-11). Calculate the greatest common factor of 1079 and o.
13
Suppose -6486 = -248*a + 9138. Calculate the highest common divisor of a and 10542.
21
Suppose 15*l = 8*l. Suppose -16*f + 23*f - 539 = l. Calculate the greatest common factor of f and 11.
11
Let d be ((-51200)/3584)/((-6)/105*(-15)/(-9)). Calculate the highest common divisor of d and 8175.
75
Let c(v) = 127*v + 3445. Let p be c(-20). Calculate the greatest common divisor of 2172 and p.
181
Let r = 200 + 14. Let p be (-44)/10 + 5 + r/10. What is the greatest common divisor of 946 and p?
22
Let h be (-993)/(-18) - 3/18. Let p(k) = -63*k - 235. Let l be p(-6). What is the highest common divisor of l and h?
11
Let q = 548 + -115. Let f = q + -331. What is the highest common factor of 170 and f?
34
Suppose 2*n - v - 183 = 2*v, v - 500 = -5*n. Let q = -2979 - -2990. Calculate the greatest common factor of q and n.
11
Let m(j) = -24 - 14*j - 20*j + 29*j. Suppose -5*b - 47 - 8 = 0. Let y be m(b). What is the greatest common divisor of y and 248?
31
Suppose 0 = 48*s - 86*s + 2204. What is the highest common divisor of s and 1189?
29
Let t(x) = 156*x**2 + 4*x - 58. Let y be t(10). Calculate the highest common divisor of 53 and y.
53
Let c(y) = 12*y**3 + 7*y**2 - 9*y - 10. Let g be c(2). Suppose -g = -18*i + 246. Calculate the greatest common divisor of 399 and i.
19
Suppose 244*u - 249*u + 3520 = 0. Calculate the highest common factor of u and 208.
16
Let y = 2950 + 221. Calculate the highest common divisor of y and 21.
21
Let i = 10798 + -10582. What is the highest common factor of 116 and i?
4
Let k be 6 - 0 - (-5 - -13). Let g(b) = -b + 20. Let z be g(k). Calculate the greatest common factor of 55 and z.
11
Let b(v) = -162*v + 6694. Let a be b(41). What is the highest common divisor of 22516 and a?
52
Suppose -261 = -f - 20*o + 25*o, -4*f + 1124 = -4*o. What is the highest common factor of f and 1378?
26
Let r(b) = -2*b**2 - 20*b - 7. Let o(a) = -a - 1. Let w(s) = -5*o(s) - r(s). Let i be w(7). Calculate the highest common factor of i and 15.
15
Suppose 0*d + 6660 = -10*d. Let f = -336 - d. Suppose -i - 4 = -34. What is the highest common factor of f and i?
30
Su